{"id":224,"date":"2025-12-23T16:20:32","date_gmt":"2025-12-23T09:20:32","guid":{"rendered":"https:\/\/machpin.com\/?post_type=product&#038;p=224"},"modified":"2025-12-23T16:20:46","modified_gmt":"2025-12-23T09:20:46","slug":"bo-phu-kien-cho-robot-hut-bui-irobot-roomba-dau-800-900-hang-chinh-hang","status":"publish","type":"product","link":"https:\/\/machpin.com\/index.php\/san-pham\/bo-phu-kien-cho-robot-hut-bui-irobot-roomba-dau-800-900-hang-chinh-hang\/","title":{"rendered":"B\u1ed9 ph\u1ee5 ki\u1ec7n cho robot h\u00fat b\u1ee5i iRobot roomba \u0111\u1ea7u 800 900 h\u00e3ng ch\u00ednh h\u00e3ng"},"content":{"rendered":"<p><img loading=\"lazy\" decoding=\"async\" class=\"alignnone size-medium wp-image-231\" src=\"https:\/\/machpin.com\/wp-content\/uploads\/2025\/12\/z6260906842837_4737b6fd29baf41f5369a44f7f204f5d-300x225.jpg\" alt=\"\" width=\"300\" height=\"225\" srcset=\"https:\/\/machpin.com\/wp-content\/uploads\/2025\/12\/z6260906842837_4737b6fd29baf41f5369a44f7f204f5d-300x225.jpg 300w, https:\/\/machpin.com\/wp-content\/uploads\/2025\/12\/z6260906842837_4737b6fd29baf41f5369a44f7f204f5d-1024x767.jpg 1024w, https:\/\/machpin.com\/wp-content\/uploads\/2025\/12\/z6260906842837_4737b6fd29baf41f5369a44f7f204f5d-768x575.jpg 768w, https:\/\/machpin.com\/wp-content\/uploads\/2025\/12\/z6260906842837_4737b6fd29baf41f5369a44f7f204f5d-600x450.jpg 600w, https:\/\/machpin.com\/wp-content\/uploads\/2025\/12\/z6260906842837_4737b6fd29baf41f5369a44f7f204f5d.jpg 1276w\" sizes=\"auto, (max-width: 300px) 100vw, 300px\" \/> <img loading=\"lazy\" decoding=\"async\" class=\"alignnone size-medium wp-image-228\" src=\"https:\/\/machpin.com\/wp-content\/uploads\/2025\/12\/z6260886000794_a9262b26a97365cb27141a6947c487a3-300x225.jpg\" alt=\"\" width=\"300\" height=\"225\" srcset=\"https:\/\/machpin.com\/wp-content\/uploads\/2025\/12\/z6260886000794_a9262b26a97365cb27141a6947c487a3-300x225.jpg 300w, https:\/\/machpin.com\/wp-content\/uploads\/2025\/12\/z6260886000794_a9262b26a97365cb27141a6947c487a3-1024x767.jpg 1024w, https:\/\/machpin.com\/wp-content\/uploads\/2025\/12\/z6260886000794_a9262b26a97365cb27141a6947c487a3-768x575.jpg 768w, https:\/\/machpin.com\/wp-content\/uploads\/2025\/12\/z6260886000794_a9262b26a97365cb27141a6947c487a3-600x450.jpg 600w, https:\/\/machpin.com\/wp-content\/uploads\/2025\/12\/z6260886000794_a9262b26a97365cb27141a6947c487a3.jpg 1276w\" sizes=\"auto, (max-width: 300px) 100vw, 300px\" \/> <img loading=\"lazy\" decoding=\"async\" class=\"alignnone size-medium wp-image-227\" src=\"https:\/\/machpin.com\/wp-content\/uploads\/2025\/12\/z6260885997148_c5f6e67c8f1d902529edf7a3cdd8db5d-300x225.jpg\" alt=\"\" width=\"300\" height=\"225\" srcset=\"https:\/\/machpin.com\/wp-content\/uploads\/2025\/12\/z6260885997148_c5f6e67c8f1d902529edf7a3cdd8db5d-300x225.jpg 300w, https:\/\/machpin.com\/wp-content\/uploads\/2025\/12\/z6260885997148_c5f6e67c8f1d902529edf7a3cdd8db5d-1024x767.jpg 1024w, https:\/\/machpin.com\/wp-content\/uploads\/2025\/12\/z6260885997148_c5f6e67c8f1d902529edf7a3cdd8db5d-768x575.jpg 768w, https:\/\/machpin.com\/wp-content\/uploads\/2025\/12\/z6260885997148_c5f6e67c8f1d902529edf7a3cdd8db5d-600x450.jpg 600w, https:\/\/machpin.com\/wp-content\/uploads\/2025\/12\/z6260885997148_c5f6e67c8f1d902529edf7a3cdd8db5d.jpg 1276w\" sizes=\"auto, (max-width: 300px) 100vw, 300px\" \/> <img loading=\"lazy\" decoding=\"async\" class=\"alignnone size-medium wp-image-226\" src=\"https:\/\/machpin.com\/wp-content\/uploads\/2025\/12\/z6260885987106_ef3b21d7d146d4db867f4b546268f09f-300x225.jpg\" alt=\"\" width=\"300\" height=\"225\" srcset=\"https:\/\/machpin.com\/wp-content\/uploads\/2025\/12\/z6260885987106_ef3b21d7d146d4db867f4b546268f09f-300x225.jpg 300w, https:\/\/machpin.com\/wp-content\/uploads\/2025\/12\/z6260885987106_ef3b21d7d146d4db867f4b546268f09f-1024x767.jpg 1024w, https:\/\/machpin.com\/wp-content\/uploads\/2025\/12\/z6260885987106_ef3b21d7d146d4db867f4b546268f09f-768x575.jpg 768w, https:\/\/machpin.com\/wp-content\/uploads\/2025\/12\/z6260885987106_ef3b21d7d146d4db867f4b546268f09f-600x450.jpg 600w, https:\/\/machpin.com\/wp-content\/uploads\/2025\/12\/z6260885987106_ef3b21d7d146d4db867f4b546268f09f.jpg 1276w\" sizes=\"auto, (max-width: 300px) 100vw, 300px\" \/> <img loading=\"lazy\" decoding=\"async\" class=\"alignnone size-medium wp-image-236\" src=\"https:\/\/machpin.com\/wp-content\/uploads\/2025\/12\/Screenshot-2025-12-23-154349-300x248.png\" alt=\"\" width=\"300\" height=\"248\" srcset=\"https:\/\/machpin.com\/wp-content\/uploads\/2025\/12\/Screenshot-2025-12-23-154349-300x248.png 300w, https:\/\/machpin.com\/wp-content\/uploads\/2025\/12\/Screenshot-2025-12-23-154349-600x496.png 600w, https:\/\/machpin.com\/wp-content\/uploads\/2025\/12\/Screenshot-2025-12-23-154349.png 695w\" sizes=\"auto, (max-width: 300px) 100vw, 300px\" \/> <img loading=\"lazy\" decoding=\"async\" class=\"alignnone size-medium wp-image-237\" src=\"https:\/\/machpin.com\/wp-content\/uploads\/2025\/12\/Screenshot-2025-12-23-154420-300x255.png\" alt=\"\" width=\"300\" height=\"255\" srcset=\"https:\/\/machpin.com\/wp-content\/uploads\/2025\/12\/Screenshot-2025-12-23-154420-300x255.png 300w, https:\/\/machpin.com\/wp-content\/uploads\/2025\/12\/Screenshot-2025-12-23-154420-600x510.png 600w, https:\/\/machpin.com\/wp-content\/uploads\/2025\/12\/Screenshot-2025-12-23-154420.png 673w\" sizes=\"auto, (max-width: 300px) 100vw, 300px\" \/><\/p>\n","protected":false},"excerpt":{"rendered":"<p>B\u00e1nh xe thay th\u1ebf cho irobot roomba t\u1eeb 500-900,e5-i3-i4-i5-i7.s9 h\u00e0ng th\u00e1o m\u00e1y ch\u00ednh h\u00e3ng , h\u00e0ng d\u00f9ng l\u01b0\u1edbt<\/p>\n<p>C\u00e1ch ch\u1ecdn ph\u00f9 h\u1ee3p v\u1edbi robot: m\u00e3 \u0111\u1ea7u 520-530&#8230;\u0111\u1ebfn 640&#8230; \u0111\u1ebfn 780 d\u00f9ng chung m\u00e0u xanh, th\u00e1o n\u1eafp b\u1ee5ng robot ra h\u1ecfng b\u00ean R ho\u1eb7c L ch\u1ecdn \u0111\u00fang b\u00ean \u0111\u00f3 mua<\/p>\n<p>&#8211; \u0110\u1ea7u 805&gt; \u0111\u1ebfn 890&gt; 980 n\u1eafp chung m\u00e0u x\u00e1m.<\/p>\n","protected":false},"featured_media":231,"comment_status":"open","ping_status":"closed","template":"","meta":[],"product_brand":[],"product_cat":[23],"product_tag":[],"class_list":{"0":"post-224","1":"product","2":"type-product","3":"status-publish","4":"has-post-thumbnail","6":"product_cat-phu-kien-robot","8":"first","9":"instock","10":"shipping-taxable","11":"purchasable","12":"product-type-variable"},"_links":{"self":[{"href":"https:\/\/machpin.com\/index.php\/wp-json\/wp\/v2\/product\/224","targetHints":{"allow":["GET"]}}],"collection":[{"href":"https:\/\/machpin.com\/index.php\/wp-json\/wp\/v2\/product"}],"about":[{"href":"https:\/\/machpin.com\/index.php\/wp-json\/wp\/v2\/types\/product"}],"replies":[{"embeddable":true,"href":"https:\/\/machpin.com\/index.php\/wp-json\/wp\/v2\/comments?post=224"}],"wp:featuredmedia":[{"embeddable":true,"href":"https:\/\/machpin.com\/index.php\/wp-json\/wp\/v2\/media\/231"}],"wp:attachment":[{"href":"https:\/\/machpin.com\/index.php\/wp-json\/wp\/v2\/media?parent=224"}],"wp:term":[{"taxonomy":"product_brand","embeddable":true,"href":"https:\/\/machpin.com\/index.php\/wp-json\/wp\/v2\/product_brand?post=224"},{"taxonomy":"product_cat","embeddable":true,"href":"https:\/\/machpin.com\/index.php\/wp-json\/wp\/v2\/product_cat?post=224"},{"taxonomy":"product_tag","embeddable":true,"href":"https:\/\/machpin.com\/index.php\/wp-json\/wp\/v2\/product_tag?post=224"}],"curies":[{"name":"wp","href":"https:\/\/api.w.org\/{rel}","templated":true}]}}